 prime factors of 1515668576?
2, 89, 532187
List the prime factors of 3146864606.
2, 1573432303
What are the prime factors of 386270662?
2, 29, 101, 233, 283
What are the prime factors of 121781910?
2, 3, 5, 4059397
List the prime factors of 63208490.
2, 5, 6320849
List the prime factors of 101679406.
2, 50839703
What are the prime factors of 134210751?
3, 83, 103, 5233
List the prime factors of 91990317.
3, 23, 1333193
What are the prime factors of 219394465?
5, 647, 67819
What are the prime factors of 15206442?
2, 3, 53, 47819
What are the prime factors of 2078074495?
5, 7, 23, 61, 101, 419
What are the prime factors of 426058675?
5, 7, 17, 41, 499
What are the prime factors of 1123945027?
1459, 770353
What are the prime factors of 504367350?
2, 3, 5, 19, 37, 4783
What are the prime factors of 513658109?
513658109
List the prime factors of 2861292677.
2861292677
What are the prime factors of 237998066?
2, 19, 23, 307, 887
List the prime factors of 842687216.
2, 7, 7523993
What are the prime factors of 88718746?
2, 44359373
What are the prime factors of 2510732867?
41, 61237387
List the prime factors of 69594659.
31, 139, 521
What are the prime factors of 123848774?
2, 7, 17, 79, 941
List the prime factors of 259412004.
2, 3, 431, 5573
List the prime factors of 151556007.
3, 167, 302507
What are the prime factors of 2506055304?
2, 3, 3803, 27457
List the prime factors of 232225797.
3, 17, 4553447
What are the prime factors of 82423441?
82423441
What are the prime factors of 252919304?
2, 11, 73, 39371
What are the prime factors of 841216638?
2, 3, 839, 167107
List the prime factors of 163992321.
3, 71, 256639
What are the prime factors of 48269738?
2, 11, 743, 2953
What are the prime factors of 1044846780?
2, 3, 5, 127, 137119
List the prime factors of 7938375952.
2, 13, 47, 71, 11437
What are the prime factors of 1167286897?
7, 131, 1272941
List the prime factors of 4596785622.
2, 3, 11, 13, 1785853
What are the prime factors of 1631247479?
1631247479
What are the prime factors of 2134805001?
3, 7, 47, 308989
What are the prime factors of 954108?
2, 3, 17, 1559
List the prime factors of 21850557.
3, 601, 12119
What are the prime factors of 3449122889?
54217, 63617
What are the prime factors of 15296028?
2, 3, 11, 115879
What are the prime factors of 95032326?
2, 3, 359, 44119
What are the prime factors of 4450398782?
2, 2225199391
What are the prime factors of 663407080?
2, 5, 7, 338473
List the prime factors of 100339897.
7, 353, 5801
What are the prime factors of 61290404?
2, 7, 569, 3847
What are the prime factors of 269691165?
3, 5, 31, 193327
What are the prime factors of 771404849?
771404849
List the prime factors of 489696736.
2, 15303023
List the prime factors of 234462022.
2, 71, 457, 3613
List the prime factors of 247255504.
2, 31, 43, 11593
What are the prime factors of 458472512?
2, 7163633
What are the prime factors of 6661156?
2, 31, 53719
What are the prime factors of 100661603?
7, 241, 59669
What are the prime factors of 964896954?
2, 3, 7, 22973737
List the prime factors of 445035830.
2, 5, 1523, 29221
List the prime factors of 2582428054.
2, 19, 6359, 10687
What are the prime factors of 43946725?
5, 1757869
List the prime factors of 2526269951.
457, 661, 8363
List the prime factors of 838334284.
2, 53, 67, 59021
List the prime factors of 4086646837.
7, 13, 44908207
What are the prime factors of 224685868?
2, 11, 19, 53, 461
List the prime factors of 37825635.
3, 5, 97, 25997
List the prime factors of 579648126.
2, 3, 2053, 47057
List the prime factors of 383301572.
2, 95825393
What are the prime factors of 755986407?
3, 11, 22908679
List the prime factors of 209380897.
11, 19034627
List the prime factors of 59268290.
2, 5, 17, 348637
List the prime factors of 2275295801.
379, 6003419
What are the prime factors of 318614625?
3, 5, 7, 40459
What are the prime factors of 498980446?
2, 23, 37, 293173
List the prime factors of 1455652254.
2, 3, 7, 43, 806009
List the prime factors of 1813407743.
7, 167, 379, 4093
What are the prime factors of 15157527?
3, 7, 11, 65617
What are the prime factors of 3746437515?
3, 5, 9250463
What are the prime factors of 46052955?
3, 5, 13, 8747
List the prime factors of 426534927.
3, 7, 13, 37, 42227
List the prime factors of 7934347863.
3, 13, 1291, 52529
What are the prime factors of 576428005?
5, 8423, 13687
List the prime factors of 7660241951.
19, 53, 617, 12329
List the prime factors of 45154960.
2, 5, 564437
List the prime factors of 5179226279.
71, 1163, 62723
List the prime factors of 272337342.
2, 3, 23, 1289, 1531
List the prime factors of 89379866.
2, 44689933
What are the prime factors of 4414524045?
3, 5, 17, 71, 243829
What are the prime factors of 1570073996?
2, 392518499
List the prime factors of 74565543.
3, 13, 1911937
What are the prime factors of 293814414?
2, 3, 16323023
What are the prime factors of 69098757?
3, 7, 13, 253109
List the prime factors of 89964234.
2, 3, 4998013
List the prime factors of 17559806.
2, 11, 798173
What are the prime factors of 123386708?
2, 30846677
List the prime factors of 2086342.
2, 17, 61363
List the prime factors of 48987576.
2, 3, 11, 5623
What are the prime factors of 299916880?
2, 5, 199, 18839
List the prime factors of 38784423.
3, 12928141
What are the prime factors of 8545293?
3, 949477
List the prime factors of 70002479.
19, 137, 26893
List the prime factors of 3370254695.
5, 674050939
List the prime factors of 55205562.
2, 3, 17, 541231
What are the prime factors of 81818142?
2, 3, 7, 19, 97, 151
What are the prime factors of 137924763?
3, 6449, 7129
What are the prime factors of 528526928?
2, 107, 139, 2221
What are the prime factors of 340510986?
2, 3, 17, 41, 83, 109
What are the prime factors of 246021567?
3, 11, 691, 10789
List the prime factors of 113698998.
2, 3, 7, 61, 4931
What are the prime factors of 121336304?
2, 941, 8059
What are the prime factors of 5677744188?
2, 3, 71, 6664019
What are the prime factors of 424208246?
2, 7, 11, 2754599
What are the prime factors of 2421951238?
2, 7, 5851, 29567
What are the prime factors of 38298838?
2, 41, 359, 1301
What are the prime factors of 4250651352?
2, 3, 177110473
List the prime factors of 2131360113.
3, 23, 41, 827, 911
List the prime factors of 2085338464.
2, 11, 19, 311803
List the prime factors of 24598607.
11, 2236237
List the prime factors of 4069528857.
3, 50241097
List the prime factors of 71328206.
2, 509, 70067
What are the prime factors of 219433239?
3, 71, 114467
List the prime factors of 59037059.
1153, 51203
List the prime factors of 3946245.
3, 5, 263083
List the prime factors of 320394848.
2, 10012339
What are the prime factors of 63892653?
3, 11, 83, 23327
What are the prime factors of 4608510253?
23, 479, 563, 743
List the prime factors of 39924174.
2, 3, 6654029
List the prime factors of 444925902.
2, 3, 43, 71, 107, 227
List the prime factors of 3511646758.
2, 53, 229, 144667
What are the prime factors of 954511925?
5, 38180477
List the prime factors of 2702946858.
2, 3, 17, 193, 137303
What are the prime factors of 857728164?
2, 3, 71477347
What are the prime factors of 2252014673?
127, 17732399
What are the prime factors of 305109833?
7, 149, 292531
List the prime factors of 47449702.
2, 23724851
List the prime factors of 73517838.
2, 3, 41, 298853
List the prime factors of 25542621.
3, 13, 127, 191
List the prime factors of 266830226.
2, 13, 61, 83, 2027
What are the prime factors of 41492042?
2, 20746021
What are the prime factors of 723460318?
2, 7, 51675737
What are the prime factors of 3968427832?
2, 496053479
List the prime factors of 2454539085.
3, 5, 79, 230149
List the prime factors of 122618144.
2, 11, 17, 31, 661
What are the prime factors of 584626073?
17, 34389769
What are the prime factors of 60962762?
2, 7, 88867
List the prime factors of 437071518.
2, 3, 13, 47, 1019
What are the prime factors of 1337858690?
2, 5, 7, 17, 1124251
List the prime factors of 873608296.
2, 11, 19, 29, 43, 419
What are the prime factors of 230853573?
3, 25650397
What are the prime factors of 3860213111?
1297, 2976263
List the prime factors of 572805652.
2, 143201413
List the prime factors of 9942153.
3, 13, 254927
List the prime factors of 37688318.
2, 10